{"id":2,"date":"2021-10-27T17:30:33","date_gmt":"2021-10-27T13:30:33","guid":{"rendered":"http:\/\/gurevun.cluster031.hosting.ovh.net\/?page_id=2"},"modified":"2025-04-09T16:28:08","modified_gmt":"2025-04-09T12:28:08","slug":"contacts-2","status":"publish","type":"page","link":"https:\/\/www.villancico.re\/index.php\/contacts-2\/","title":{"rendered":"Contacts"},"content":{"rendered":"\n<h2 class=\"wp-block-heading\">Vous pouvez nous (re)joindre<\/h2>\n\n\n\n<figure><img decoding=\"async\" src=\"https:\/\/www.villancico.re\/wp-content\/uploads\/2021\/10\/OUT-of-BOUNDS_220a-2.jpg\" alt=\"Les DALTON\" \/><\/figure>\n\n\n\n<ul class=\"wp-block-list\">\n<li><strong>Par mail <\/strong><strong>contact@villancico.re<\/strong><\/li>\n\n\n\n<li><strong>Par t\u00e9l\u00e9phone au 0693 92 25 14<\/strong><\/li>\n\n\n\n<li><strong>A notre lieu de r\u00e9p\u00e9tition : l&rsquo;Ensemble Vocal VILLANCICO se r\u00e9unit tous les mercredis <br>de 18h15 \u00e0 20h30, \u00e0 l\u2019\u00e9cole Antoine Lucas au Tampon, rue des Abeilles, Terrain Fleury,<br>hors vacances scolaires.<\/strong><\/li>\n\n\n\n<li><strong>Sur notre page <a href=\"https:\/\/www.facebook.com\/Villancico.Reunion\">Facebook<\/a><\/strong><\/li>\n<\/ul>\n\n\n\n<p>&nbsp;<\/p>\n\n\n\n<p><\/p>\n","protected":false},"excerpt":{"rendered":"<p>Villancico<\/p>\n","protected":false},"author":1,"featured_media":0,"parent":0,"menu_order":0,"comment_status":"closed","ping_status":"closed","template":"template-full.php","meta":{"footnotes":""},"class_list":["post-2","page","type-page","status-publish","hentry"],"yoast_head":"<!-- This site is optimized with the Yoast SEO plugin v26.0 - https:\/\/yoast.com\/wordpress\/plugins\/seo\/ -->\n<title>Contacts - Villancico Choeur \u00eele de la R\u00e9union - Ce site a \u00e9t\u00e9 financ\u00e9 \u00e0 l\u2019aide du FEDER (REACT-UE) dans le cadre de la r\u00e9ponse de l\u2019Union europ\u00e9enne \u00e0 la pand\u00e9mie COVID-19. L\u2019Europe s\u2019engage \u00e0 La R\u00e9union.<\/title>\n<meta name=\"robots\" content=\"index, follow, max-snippet:-1, max-image-preview:large, max-video-preview:-1\" \/>\n<link rel=\"canonical\" href=\"https:\/\/www.villancico.re\/index.php\/contacts-2\/\" \/>\n<meta property=\"og:locale\" content=\"fr_FR\" \/>\n<meta property=\"og:type\" content=\"article\" \/>\n<meta property=\"og:title\" content=\"Contacts - Villancico Choeur \u00eele de la R\u00e9union - Ce site a \u00e9t\u00e9 financ\u00e9 \u00e0 l\u2019aide du FEDER (REACT-UE) dans le cadre de la r\u00e9ponse de l\u2019Union europ\u00e9enne \u00e0 la pand\u00e9mie COVID-19. L\u2019Europe s\u2019engage \u00e0 La R\u00e9union.\" \/>\n<meta property=\"og:description\" content=\"Villancico\" \/>\n<meta property=\"og:url\" content=\"https:\/\/www.villancico.re\/index.php\/contacts-2\/\" \/>\n<meta property=\"og:site_name\" content=\"Villancico Choeur \u00eele de la R\u00e9union - Ce site a \u00e9t\u00e9 financ\u00e9 \u00e0 l\u2019aide du FEDER (REACT-UE) dans le cadre de la r\u00e9ponse de l\u2019Union europ\u00e9enne \u00e0 la pand\u00e9mie COVID-19. L\u2019Europe s\u2019engage \u00e0 La R\u00e9union.\" \/>\n<meta property=\"article:publisher\" content=\"https:\/\/facebook.com\" \/>\n<meta property=\"article:modified_time\" content=\"2025-04-09T12:28:08+00:00\" \/>\n<meta property=\"og:image\" content=\"https:\/\/www.villancico.re\/wp-content\/uploads\/2021\/10\/OUT-of-BOUNDS_220a-2.jpg\" \/>\n<meta name=\"twitter:card\" content=\"summary_large_image\" \/>\n<meta name=\"twitter:label1\" content=\"Dur\u00e9e de lecture estim\u00e9e\" \/>\n\t<meta name=\"twitter:data1\" content=\"1 minute\" \/>\n<script type=\"application\/ld+json\" class=\"yoast-schema-graph\">{\"@context\":\"https:\/\/schema.org\",\"@graph\":[{\"@type\":\"WebPage\",\"@id\":\"https:\/\/www.villancico.re\/index.php\/contacts-2\/\",\"url\":\"https:\/\/www.villancico.re\/index.php\/contacts-2\/\",\"name\":\"Contacts - Villancico Choeur \u00eele de la R\u00e9union - Ce site a \u00e9t\u00e9 financ\u00e9 \u00e0 l\u2019aide du FEDER (REACT-UE) dans le cadre de la r\u00e9ponse de l\u2019Union europ\u00e9enne \u00e0 la pand\u00e9mie COVID-19. L\u2019Europe s\u2019engage \u00e0 La R\u00e9union.\",\"isPartOf\":{\"@id\":\"https:\/\/www.villancico.re\/#website\"},\"primaryImageOfPage\":{\"@id\":\"https:\/\/www.villancico.re\/index.php\/contacts-2\/#primaryimage\"},\"image\":{\"@id\":\"https:\/\/www.villancico.re\/index.php\/contacts-2\/#primaryimage\"},\"thumbnailUrl\":\"https:\/\/www.villancico.re\/wp-content\/uploads\/2021\/10\/OUT-of-BOUNDS_220a-2.jpg\",\"datePublished\":\"2021-10-27T13:30:33+00:00\",\"dateModified\":\"2025-04-09T12:28:08+00:00\",\"breadcrumb\":{\"@id\":\"https:\/\/www.villancico.re\/index.php\/contacts-2\/#breadcrumb\"},\"inLanguage\":\"fr-FR\",\"potentialAction\":[{\"@type\":\"ReadAction\",\"target\":[\"https:\/\/www.villancico.re\/index.php\/contacts-2\/\"]}]},{\"@type\":\"ImageObject\",\"inLanguage\":\"fr-FR\",\"@id\":\"https:\/\/www.villancico.re\/index.php\/contacts-2\/#primaryimage\",\"url\":\"https:\/\/www.villancico.re\/wp-content\/uploads\/2021\/10\/OUT-of-BOUNDS_220a-2.jpg\",\"contentUrl\":\"https:\/\/www.villancico.re\/wp-content\/uploads\/2021\/10\/OUT-of-BOUNDS_220a-2.jpg\",\"width\":1024,\"height\":768,\"caption\":\"Les DALTON\"},{\"@type\":\"BreadcrumbList\",\"@id\":\"https:\/\/www.villancico.re\/index.php\/contacts-2\/#breadcrumb\",\"itemListElement\":[{\"@type\":\"ListItem\",\"position\":1,\"name\":\"Accueil\",\"item\":\"https:\/\/www.villancico.re\/\"},{\"@type\":\"ListItem\",\"position\":2,\"name\":\"Contacts\"}]},{\"@type\":\"WebSite\",\"@id\":\"https:\/\/www.villancico.re\/#website\",\"url\":\"https:\/\/www.villancico.re\/\",\"name\":\"villancico.re chorale choeur ile de la r\u00e9union 974\",\"description\":\"Ensemble vocal  Villancico\",\"publisher\":{\"@id\":\"https:\/\/www.villancico.re\/#organization\"},\"potentialAction\":[{\"@type\":\"SearchAction\",\"target\":{\"@type\":\"EntryPoint\",\"urlTemplate\":\"https:\/\/www.villancico.re\/?s={search_term_string}\"},\"query-input\":{\"@type\":\"PropertyValueSpecification\",\"valueRequired\":true,\"valueName\":\"search_term_string\"}}],\"inLanguage\":\"fr-FR\"},{\"@type\":\"Organization\",\"@id\":\"https:\/\/www.villancico.re\/#organization\",\"name\":\"villancico.re chorale choeur ile de la r\u00e9union 974\",\"url\":\"https:\/\/www.villancico.re\/\",\"logo\":{\"@type\":\"ImageObject\",\"inLanguage\":\"fr-FR\",\"@id\":\"https:\/\/www.villancico.re\/#\/schema\/logo\/image\/\",\"url\":\"https:\/\/www.villancico.re\/wp-content\/uploads\/2022\/09\/modif-thierry-.png\",\"contentUrl\":\"https:\/\/www.villancico.re\/wp-content\/uploads\/2022\/09\/modif-thierry-.png\",\"width\":400,\"height\":110,\"caption\":\"villancico.re chorale choeur ile de la r\u00e9union 974\"},\"image\":{\"@id\":\"https:\/\/www.villancico.re\/#\/schema\/logo\/image\/\"},\"sameAs\":[\"https:\/\/facebook.com\"]}]}<\/script>\n<!-- \/ Yoast SEO plugin. -->","yoast_head_json":{"title":"Contacts - Villancico Choeur \u00eele de la R\u00e9union - Ce site a \u00e9t\u00e9 financ\u00e9 \u00e0 l\u2019aide du FEDER (REACT-UE) dans le cadre de la r\u00e9ponse de l\u2019Union europ\u00e9enne \u00e0 la pand\u00e9mie COVID-19. L\u2019Europe s\u2019engage \u00e0 La R\u00e9union.","robots":{"index":"index","follow":"follow","max-snippet":"max-snippet:-1","max-image-preview":"max-image-preview:large","max-video-preview":"max-video-preview:-1"},"canonical":"https:\/\/www.villancico.re\/index.php\/contacts-2\/","og_locale":"fr_FR","og_type":"article","og_title":"Contacts - Villancico Choeur \u00eele de la R\u00e9union - Ce site a \u00e9t\u00e9 financ\u00e9 \u00e0 l\u2019aide du FEDER (REACT-UE) dans le cadre de la r\u00e9ponse de l\u2019Union europ\u00e9enne \u00e0 la pand\u00e9mie COVID-19. L\u2019Europe s\u2019engage \u00e0 La R\u00e9union.","og_description":"Villancico","og_url":"https:\/\/www.villancico.re\/index.php\/contacts-2\/","og_site_name":"Villancico Choeur \u00eele de la R\u00e9union - Ce site a \u00e9t\u00e9 financ\u00e9 \u00e0 l\u2019aide du FEDER (REACT-UE) dans le cadre de la r\u00e9ponse de l\u2019Union europ\u00e9enne \u00e0 la pand\u00e9mie COVID-19. L\u2019Europe s\u2019engage \u00e0 La R\u00e9union.","article_publisher":"https:\/\/facebook.com","article_modified_time":"2025-04-09T12:28:08+00:00","og_image":[{"url":"https:\/\/www.villancico.re\/wp-content\/uploads\/2021\/10\/OUT-of-BOUNDS_220a-2.jpg","type":"","width":"","height":""}],"twitter_card":"summary_large_image","twitter_misc":{"Dur\u00e9e de lecture estim\u00e9e":"1 minute"},"schema":{"@context":"https:\/\/schema.org","@graph":[{"@type":"WebPage","@id":"https:\/\/www.villancico.re\/index.php\/contacts-2\/","url":"https:\/\/www.villancico.re\/index.php\/contacts-2\/","name":"Contacts - Villancico Choeur \u00eele de la R\u00e9union - Ce site a \u00e9t\u00e9 financ\u00e9 \u00e0 l\u2019aide du FEDER (REACT-UE) dans le cadre de la r\u00e9ponse de l\u2019Union europ\u00e9enne \u00e0 la pand\u00e9mie COVID-19. L\u2019Europe s\u2019engage \u00e0 La R\u00e9union.","isPartOf":{"@id":"https:\/\/www.villancico.re\/#website"},"primaryImageOfPage":{"@id":"https:\/\/www.villancico.re\/index.php\/contacts-2\/#primaryimage"},"image":{"@id":"https:\/\/www.villancico.re\/index.php\/contacts-2\/#primaryimage"},"thumbnailUrl":"https:\/\/www.villancico.re\/wp-content\/uploads\/2021\/10\/OUT-of-BOUNDS_220a-2.jpg","datePublished":"2021-10-27T13:30:33+00:00","dateModified":"2025-04-09T12:28:08+00:00","breadcrumb":{"@id":"https:\/\/www.villancico.re\/index.php\/contacts-2\/#breadcrumb"},"inLanguage":"fr-FR","potentialAction":[{"@type":"ReadAction","target":["https:\/\/www.villancico.re\/index.php\/contacts-2\/"]}]},{"@type":"ImageObject","inLanguage":"fr-FR","@id":"https:\/\/www.villancico.re\/index.php\/contacts-2\/#primaryimage","url":"https:\/\/www.villancico.re\/wp-content\/uploads\/2021\/10\/OUT-of-BOUNDS_220a-2.jpg","contentUrl":"https:\/\/www.villancico.re\/wp-content\/uploads\/2021\/10\/OUT-of-BOUNDS_220a-2.jpg","width":1024,"height":768,"caption":"Les DALTON"},{"@type":"BreadcrumbList","@id":"https:\/\/www.villancico.re\/index.php\/contacts-2\/#breadcrumb","itemListElement":[{"@type":"ListItem","position":1,"name":"Accueil","item":"https:\/\/www.villancico.re\/"},{"@type":"ListItem","position":2,"name":"Contacts"}]},{"@type":"WebSite","@id":"https:\/\/www.villancico.re\/#website","url":"https:\/\/www.villancico.re\/","name":"villancico.re chorale choeur ile de la r\u00e9union 974","description":"Ensemble vocal  Villancico","publisher":{"@id":"https:\/\/www.villancico.re\/#organization"},"potentialAction":[{"@type":"SearchAction","target":{"@type":"EntryPoint","urlTemplate":"https:\/\/www.villancico.re\/?s={search_term_string}"},"query-input":{"@type":"PropertyValueSpecification","valueRequired":true,"valueName":"search_term_string"}}],"inLanguage":"fr-FR"},{"@type":"Organization","@id":"https:\/\/www.villancico.re\/#organization","name":"villancico.re chorale choeur ile de la r\u00e9union 974","url":"https:\/\/www.villancico.re\/","logo":{"@type":"ImageObject","inLanguage":"fr-FR","@id":"https:\/\/www.villancico.re\/#\/schema\/logo\/image\/","url":"https:\/\/www.villancico.re\/wp-content\/uploads\/2022\/09\/modif-thierry-.png","contentUrl":"https:\/\/www.villancico.re\/wp-content\/uploads\/2022\/09\/modif-thierry-.png","width":400,"height":110,"caption":"villancico.re chorale choeur ile de la r\u00e9union 974"},"image":{"@id":"https:\/\/www.villancico.re\/#\/schema\/logo\/image\/"},"sameAs":["https:\/\/facebook.com"]}]}},"_links":{"self":[{"href":"https:\/\/www.villancico.re\/index.php\/wp-json\/wp\/v2\/pages\/2","targetHints":{"allow":["GET"]}}],"collection":[{"href":"https:\/\/www.villancico.re\/index.php\/wp-json\/wp\/v2\/pages"}],"about":[{"href":"https:\/\/www.villancico.re\/index.php\/wp-json\/wp\/v2\/types\/page"}],"author":[{"embeddable":true,"href":"https:\/\/www.villancico.re\/index.php\/wp-json\/wp\/v2\/users\/1"}],"replies":[{"embeddable":true,"href":"https:\/\/www.villancico.re\/index.php\/wp-json\/wp\/v2\/comments?post=2"}],"version-history":[{"count":26,"href":"https:\/\/www.villancico.re\/index.php\/wp-json\/wp\/v2\/pages\/2\/revisions"}],"predecessor-version":[{"id":1290,"href":"https:\/\/www.villancico.re\/index.php\/wp-json\/wp\/v2\/pages\/2\/revisions\/1290"}],"wp:attachment":[{"href":"https:\/\/www.villancico.re\/index.php\/wp-json\/wp\/v2\/media?parent=2"}],"curies":[{"name":"wp","href":"https:\/\/api.w.org\/{rel}","templated":true}]}}

<h2 class="wp-block-heading">Vous pouvez nous (re)joindre</h2>



<figure><img decoding="async" src="https://www.villancico.re/wp-content/uploads/2021/10/OUT-of-BOUNDS_220a-2.jpg" alt="Les DALTON" /></figure>



<ul class="wp-block-list">
<li><strong>Par mail </strong><strong>contact@villancico.re</strong></li>



<li><strong>Par téléphone au 0693 92 25 14</strong></li>



<li><strong>A notre lieu de répétition : l&rsquo;Ensemble Vocal VILLANCICO se réunit tous les mercredis <br>de 18h15 à 20h30, à l’école Antoine Lucas au Tampon, rue des Abeilles, Terrain Fleury,<br>hors vacances scolaires.</strong></li>



<li><strong>Sur notre page <a href="https://www.facebook.com/Villancico.Reunion">Facebook</a></strong></li>
</ul>



<p>&nbsp;</p>



<p></p>

<!-- This site is optimized with the Yoast SEO plugin v26.0 - https://yoast.com/wordpress/plugins/seo/ -->
<title>Contacts - Villancico Choeur île de la Réunion - Ce site a été financé à l’aide du FEDER (REACT-UE) dans le cadre de la réponse de l’Union européenne à la pandémie COVID-19. L’Europe s’engage à La Réunion.</title>
<meta name="robots" content="index, follow, max-snippet:-1, max-image-preview:large, max-video-preview:-1" />
<link rel="canonical" href="https://www.villancico.re/index.php/contacts-2/" />
<meta property="og:locale" content="fr_FR" />
<meta property="og:type" content="article" />
<meta property="og:title" content="Contacts - Villancico Choeur île de la Réunion - Ce site a été financé à l’aide du FEDER (REACT-UE) dans le cadre de la réponse de l’Union européenne à la pandémie COVID-19. L’Europe s’engage à La Réunion." />
<meta property="og:description" content="Villancico" />
<meta property="og:url" content="https://www.villancico.re/index.php/contacts-2/" />
<meta property="og:site_name" content="Villancico Choeur île de la Réunion - Ce site a été financé à l’aide du FEDER (REACT-UE) dans le cadre de la réponse de l’Union européenne à la pandémie COVID-19. L’Europe s’engage à La Réunion." />
<meta property="article:publisher" content="https://facebook.com" />
<meta property="article:modified_time" content="2025-04-09T12:28:08+00:00" />
<meta property="og:image" content="https://www.villancico.re/wp-content/uploads/2021/10/OUT-of-BOUNDS_220a-2.jpg" />
<meta name="twitter:card" content="summary_large_image" />
<meta name="twitter:label1" content="Durée de lecture estimée" />
	<meta name="twitter:data1" content="1 minute" />
<script type="application/ld+json" class="yoast-schema-graph">{"@context":"https://schema.org","@graph":[{"@type":"WebPage","@id":"https://www.villancico.re/index.php/contacts-2/","url":"https://www.villancico.re/index.php/contacts-2/","name":"Contacts - Villancico Choeur île de la Réunion - Ce site a été financé à l’aide du FEDER (REACT-UE) dans le cadre de la réponse de l’Union européenne à la pandémie COVID-19. L’Europe s’engage à La Réunion.","isPartOf":{"@id":"https://www.villancico.re/#website"},"primaryImageOfPage":{"@id":"https://www.villancico.re/index.php/contacts-2/#primaryimage"},"image":{"@id":"https://www.villancico.re/index.php/contacts-2/#primaryimage"},"thumbnailUrl":"https://www.villancico.re/wp-content/uploads/2021/10/OUT-of-BOUNDS_220a-2.jpg","datePublished":"2021-10-27T13:30:33+00:00","dateModified":"2025-04-09T12:28:08+00:00","breadcrumb":{"@id":"https://www.villancico.re/index.php/contacts-2/#breadcrumb"},"inLanguage":"fr-FR","potentialAction":[{"@type":"ReadAction","target":["https://www.villancico.re/index.php/contacts-2/"]}]},{"@type":"ImageObject","inLanguage":"fr-FR","@id":"https://www.villancico.re/index.php/contacts-2/#primaryimage","url":"https://www.villancico.re/wp-content/uploads/2021/10/OUT-of-BOUNDS_220a-2.jpg","contentUrl":"https://www.villancico.re/wp-content/uploads/2021/10/OUT-of-BOUNDS_220a-2.jpg","width":1024,"height":768,"caption":"Les DALTON"},{"@type":"BreadcrumbList","@id":"https://www.villancico.re/index.php/contacts-2/#breadcrumb","itemListElement":[{"@type":"ListItem","position":1,"name":"Accueil","item":"https://www.villancico.re/"},{"@type":"ListItem","position":2,"name":"Contacts"}]},{"@type":"WebSite","@id":"https://www.villancico.re/#website","url":"https://www.villancico.re/","name":"villancico.re chorale choeur ile de la réunion 974","description":"Ensemble vocal  Villancico","publisher":{"@id":"https://www.villancico.re/#organization"},"potentialAction":[{"@type":"SearchAction","target":{"@type":"EntryPoint","urlTemplate":"https://www.villancico.re/?s={search_term_string}"},"query-input":{"@type":"PropertyValueSpecification","valueRequired":true,"valueName":"search_term_string"}}],"inLanguage":"fr-FR"},{"@type":"Organization","@id":"https://www.villancico.re/#organization","name":"villancico.re chorale choeur ile de la réunion 974","url":"https://www.villancico.re/","logo":{"@type":"ImageObject","inLanguage":"fr-FR","@id":"https://www.villancico.re/#/schema/logo/image/","url":"https://www.villancico.re/wp-content/uploads/2022/09/modif-thierry-.png","contentUrl":"https://www.villancico.re/wp-content/uploads/2022/09/modif-thierry-.png","width":400,"height":110,"caption":"villancico.re chorale choeur ile de la réunion 974"},"image":{"@id":"https://www.villancico.re/#/schema/logo/image/"},"sameAs":["https://facebook.com"]}]}</script>
<!-- / Yoast SEO plugin. -->

Contacts - Villancico Choeur île de la Réunion - Ce site a été financé à l’aide du FEDER (REACT-UE) dans le cadre de la réponse de l’Union européenne à la pandémie COVID-19. L’Europe s’engage à La Réunion.

Villancico Choeur île de la Réunion - Ce site a été financé à l’aide du FEDER (REACT-UE) dans le cadre de la réponse de l’Union européenne à la pandémie COVID-19. L’Europe s’engage à La Réunion.

villancico.re chorale choeur ile de la réunion 974
